{"id":17851,"date":"2023-03-01T21:04:14","date_gmt":"2023-03-01T21:04:14","guid":{"rendered":"https:\/\/floridahealthjustice.org\/?post_type=post-medicaid&#038;p=17851"},"modified":"2025-11-11T01:10:36","modified_gmt":"2025-11-11T01:10:36","slug":"declaracion-de-florida-health-justice-project-y-disability-rights-florida-sobre-la-guia-del-cirujano-general-de-florida-contra-las-vacunas-covid-para-los-ninos","status":"publish","type":"publications","link":"https:\/\/floridahealthjustice.org\/es\/publications\/declaracion-de-florida-health-justice-project-y-disability-rights-florida-sobre-la-guia-del-cirujano-general-de-florida-contra-las-vacunas-covid-para-los-ninos\/","title":{"rendered":"Declaraci\u00f3n de Florida Health Justice Project y Disability Rights Florida sobre la Gu\u00eda del Cirujano General de Florida contra las Vacunas COVID para los Ni\u00f1os"},"author":11,"template":"","resource-library":[312],"languages":[],"resource-types":[],"topics":[],"categories-events":[],"health_category":[],"pro-bono-awardees":[],"keywords":[],"categories-job-opportunities":[],"categories-litigation":[],"categories-medical":[115,77],"categories-advocates":[],"categories-media":[],"class_list":["post-17851","publications","type-publications","status-publish","hentry","resource-library-private","categories-medical-archive","categories-medical-medicaid-expansion"],"a3_pvc":{"activated":false,"total_views":0,"today_views":0},"yoast_head":"<!-- This site is optimized with the Yoast SEO plugin v27.5 - https:\/\/yoast.com\/product\/yoast-seo-wordpress\/ -->\n<title>Declaraci\u00f3n de Florida Health Justice Project y Disability Rights Florida sobre la Gu\u00eda del Cirujano General de Florida contra las Vacunas COVID para los Ni\u00f1os - Florida Health Justice<\/title>\n<meta name=\"robots\" content=\"noindex, nofollow\" \/>\n<meta property=\"og:locale\" content=\"es_ES\" \/>\n<meta property=\"og:type\" content=\"article\" \/>\n<meta property=\"og:title\" content=\"Declaraci\u00f3n de Florida Health Justice Project y Disability Rights Florida sobre la Gu\u00eda del Cirujano General de Florida contra las Vacunas COVID para los Ni\u00f1os - Florida Health Justice\" \/>\n<meta property=\"og:url\" content=\"https:\/\/floridahealthjustice.org\/publications\/declaracion-de-florida-health-justice-project-y-disability-rights-florida-sobre-la-guia-del-cirujano-general-de-florida-contra-las-vacunas-covid-para-los-ninos\/\" \/>\n<meta property=\"og:site_name\" content=\"Florida Health Justice\" \/>\n<meta property=\"article:modified_time\" content=\"2025-11-11T01:10:36+00:00\" \/>\n<meta name=\"twitter:card\" content=\"summary_large_image\" \/>\n<script type=\"application\/ld+json\" class=\"yoast-schema-graph\">{\"@context\":\"https:\\\/\\\/schema.org\",\"@graph\":[{\"@type\":\"WebPage\",\"@id\":\"https:\\\/\\\/floridahealthjustice.org\\\/publications\\\/declaracion-de-florida-health-justice-project-y-disability-rights-florida-sobre-la-guia-del-cirujano-general-de-florida-contra-las-vacunas-covid-para-los-ninos\\\/\",\"url\":\"https:\\\/\\\/floridahealthjustice.org\\\/publications\\\/declaracion-de-florida-health-justice-project-y-disability-rights-florida-sobre-la-guia-del-cirujano-general-de-florida-contra-las-vacunas-covid-para-los-ninos\\\/\",\"name\":\"Declaraci\u00f3n de Florida Health Justice Project y Disability Rights Florida sobre la Gu\u00eda del Cirujano General de Florida contra las Vacunas COVID para los Ni\u00f1os - Florida Health Justice\",\"isPartOf\":{\"@id\":\"https:\\\/\\\/floridahealthjustice.org\\\/#website\"},\"datePublished\":\"2023-03-01T21:04:14+00:00\",\"dateModified\":\"2025-11-11T01:10:36+00:00\",\"breadcrumb\":{\"@id\":\"https:\\\/\\\/floridahealthjustice.org\\\/publications\\\/declaracion-de-florida-health-justice-project-y-disability-rights-florida-sobre-la-guia-del-cirujano-general-de-florida-contra-las-vacunas-covid-para-los-ninos\\\/#breadcrumb\"},\"inLanguage\":\"es\",\"potentialAction\":[{\"@type\":\"ReadAction\",\"target\":[\"https:\\\/\\\/floridahealthjustice.org\\\/publications\\\/declaracion-de-florida-health-justice-project-y-disability-rights-florida-sobre-la-guia-del-cirujano-general-de-florida-contra-las-vacunas-covid-para-los-ninos\\\/\"]}]},{\"@type\":\"BreadcrumbList\",\"@id\":\"https:\\\/\\\/floridahealthjustice.org\\\/publications\\\/declaracion-de-florida-health-justice-project-y-disability-rights-florida-sobre-la-guia-del-cirujano-general-de-florida-contra-las-vacunas-covid-para-los-ninos\\\/#breadcrumb\",\"itemListElement\":[{\"@type\":\"ListItem\",\"position\":1,\"name\":\"Home\",\"item\":\"https:\\\/\\\/floridahealthjustice.org\\\/es\\\/pagina-principal\\\/\"},{\"@type\":\"ListItem\",\"position\":2,\"name\":\"Publications\",\"item\":\"https:\\\/\\\/floridahealthjustice.org\\\/publications\\\/\"},{\"@type\":\"ListItem\",\"position\":3,\"name\":\"Declaraci\u00f3n de Florida Health Justice Project y Disability Rights Florida sobre la Gu\u00eda del Cirujano General de Florida contra las Vacunas COVID para los Ni\u00f1os\"}]},{\"@type\":\"WebSite\",\"@id\":\"https:\\\/\\\/floridahealthjustice.org\\\/#website\",\"url\":\"https:\\\/\\\/floridahealthjustice.org\\\/\",\"name\":\"Florida Health Justice\",\"description\":\"\",\"potentialAction\":[{\"@type\":\"SearchAction\",\"target\":{\"@type\":\"EntryPoint\",\"urlTemplate\":\"https:\\\/\\\/floridahealthjustice.org\\\/?s={search_term_string}\"},\"query-input\":{\"@type\":\"PropertyValueSpecification\",\"valueRequired\":true,\"valueName\":\"search_term_string\"}}],\"inLanguage\":\"es\"}]}<\/script>\n<!-- \/ Yoast SEO plugin. -->","yoast_head_json":{"title":"Declaraci\u00f3n de Florida Health Justice Project y Disability Rights Florida sobre la Gu\u00eda del Cirujano General de Florida contra las Vacunas COVID para los Ni\u00f1os - Florida Health Justice","robots":{"index":"noindex","follow":"nofollow"},"og_locale":"es_ES","og_type":"article","og_title":"Declaraci\u00f3n de Florida Health Justice Project y Disability Rights Florida sobre la Gu\u00eda del Cirujano General de Florida contra las Vacunas COVID para los Ni\u00f1os - Florida Health Justice","og_url":"https:\/\/floridahealthjustice.org\/publications\/declaracion-de-florida-health-justice-project-y-disability-rights-florida-sobre-la-guia-del-cirujano-general-de-florida-contra-las-vacunas-covid-para-los-ninos\/","og_site_name":"Florida Health Justice","article_modified_time":"2025-11-11T01:10:36+00:00","twitter_card":"summary_large_image","schema":{"@context":"https:\/\/schema.org","@graph":[{"@type":"WebPage","@id":"https:\/\/floridahealthjustice.org\/publications\/declaracion-de-florida-health-justice-project-y-disability-rights-florida-sobre-la-guia-del-cirujano-general-de-florida-contra-las-vacunas-covid-para-los-ninos\/","url":"https:\/\/floridahealthjustice.org\/publications\/declaracion-de-florida-health-justice-project-y-disability-rights-florida-sobre-la-guia-del-cirujano-general-de-florida-contra-las-vacunas-covid-para-los-ninos\/","name":"Declaraci\u00f3n de Florida Health Justice Project y Disability Rights Florida sobre la Gu\u00eda del Cirujano General de Florida contra las Vacunas COVID para los Ni\u00f1os - Florida Health Justice","isPartOf":{"@id":"https:\/\/floridahealthjustice.org\/#website"},"datePublished":"2023-03-01T21:04:14+00:00","dateModified":"2025-11-11T01:10:36+00:00","breadcrumb":{"@id":"https:\/\/floridahealthjustice.org\/publications\/declaracion-de-florida-health-justice-project-y-disability-rights-florida-sobre-la-guia-del-cirujano-general-de-florida-contra-las-vacunas-covid-para-los-ninos\/#breadcrumb"},"inLanguage":"es","potentialAction":[{"@type":"ReadAction","target":["https:\/\/floridahealthjustice.org\/publications\/declaracion-de-florida-health-justice-project-y-disability-rights-florida-sobre-la-guia-del-cirujano-general-de-florida-contra-las-vacunas-covid-para-los-ninos\/"]}]},{"@type":"BreadcrumbList","@id":"https:\/\/floridahealthjustice.org\/publications\/declaracion-de-florida-health-justice-project-y-disability-rights-florida-sobre-la-guia-del-cirujano-general-de-florida-contra-las-vacunas-covid-para-los-ninos\/#breadcrumb","itemListElement":[{"@type":"ListItem","position":1,"name":"Home","item":"https:\/\/floridahealthjustice.org\/es\/pagina-principal\/"},{"@type":"ListItem","position":2,"name":"Publications","item":"https:\/\/floridahealthjustice.org\/publications\/"},{"@type":"ListItem","position":3,"name":"Declaraci\u00f3n de Florida Health Justice Project y Disability Rights Florida sobre la Gu\u00eda del Cirujano General de Florida contra las Vacunas COVID para los Ni\u00f1os"}]},{"@type":"WebSite","@id":"https:\/\/floridahealthjustice.org\/#website","url":"https:\/\/floridahealthjustice.org\/","name":"Florida Health Justice","description":"","potentialAction":[{"@type":"SearchAction","target":{"@type":"EntryPoint","urlTemplate":"https:\/\/floridahealthjustice.org\/?s={search_term_string}"},"query-input":{"@type":"PropertyValueSpecification","valueRequired":true,"valueName":"search_term_string"}}],"inLanguage":"es"}]}},"_links":{"self":[{"href":"https:\/\/floridahealthjustice.org\/es\/wp-json\/wp\/v2\/publications\/17851","targetHints":{"allow":["GET"]}}],"collection":[{"href":"https:\/\/floridahealthjustice.org\/es\/wp-json\/wp\/v2\/publications"}],"about":[{"href":"https:\/\/floridahealthjustice.org\/es\/wp-json\/wp\/v2\/types\/publications"}],"author":[{"embeddable":true,"href":"https:\/\/floridahealthjustice.org\/es\/wp-json\/wp\/v2\/users\/11"}],"wp:attachment":[{"href":"https:\/\/floridahealthjustice.org\/es\/wp-json\/wp\/v2\/media?parent=17851"}],"wp:term":[{"taxonomy":"resource-library","embeddable":true,"href":"https:\/\/floridahealthjustice.org\/es\/wp-json\/wp\/v2\/resource-library?post=17851"},{"taxonomy":"languages","embeddable":true,"href":"https:\/\/floridahealthjustice.org\/es\/wp-json\/wp\/v2\/languages?post=17851"},{"taxonomy":"resource-types","embeddable":true,"href":"https:\/\/floridahealthjustice.org\/es\/wp-json\/wp\/v2\/resource-types?post=17851"},{"taxonomy":"topics","embeddable":true,"href":"https:\/\/floridahealthjustice.org\/es\/wp-json\/wp\/v2\/topics?post=17851"},{"taxonomy":"categories-events","embeddable":true,"href":"https:\/\/floridahealthjustice.org\/es\/wp-json\/wp\/v2\/categories-events?post=17851"},{"taxonomy":"health_category","embeddable":true,"href":"https:\/\/floridahealthjustice.org\/es\/wp-json\/wp\/v2\/health_category?post=17851"},{"taxonomy":"pro-bono-awardees","embeddable":true,"href":"https:\/\/floridahealthjustice.org\/es\/wp-json\/wp\/v2\/pro-bono-awardees?post=17851"},{"taxonomy":"keywords","embeddable":true,"href":"https:\/\/floridahealthjustice.org\/es\/wp-json\/wp\/v2\/keywords?post=17851"},{"taxonomy":"categories-job-opportunities","embeddable":true,"href":"https:\/\/floridahealthjustice.org\/es\/wp-json\/wp\/v2\/categories-job-opportunities?post=17851"},{"taxonomy":"categories-litigation","embeddable":true,"href":"https:\/\/floridahealthjustice.org\/es\/wp-json\/wp\/v2\/categories-litigation?post=17851"},{"taxonomy":"categories-medical","embeddable":true,"href":"https:\/\/floridahealthjustice.org\/es\/wp-json\/wp\/v2\/categories-medical?post=17851"},{"taxonomy":"categories-advocates","embeddable":true,"href":"https:\/\/floridahealthjustice.org\/es\/wp-json\/wp\/v2\/categories-advocates?post=17851"},{"taxonomy":"categories-media","embeddable":true,"href":"https:\/\/floridahealthjustice.org\/es\/wp-json\/wp\/v2\/categories-media?post=17851"}],"curies":[{"name":"wp","href":"https:\/\/api.w.org\/{rel}","templated":true}]}}

Declaración de Florida Health Justice Project y Disability Rights Florida sobre la Guía del Cirujano General de Florida contra las Vacunas COVID para los Niños

<!-- This site is optimized with the Yoast SEO plugin v27.5 - https://yoast.com/product/yoast-seo-wordpress/ -->
<title>Declaración de Florida Health Justice Project y Disability Rights Florida sobre la Guía del Cirujano General de Florida contra las Vacunas COVID para los Niños - Florida Health Justice</title>
<meta name="robots" content="noindex, nofollow" />
<meta property="og:locale" content="es_ES" />
<meta property="og:type" content="article" />
<meta property="og:title" content="Declaración de Florida Health Justice Project y Disability Rights Florida sobre la Guía del Cirujano General de Florida contra las Vacunas COVID para los Niños - Florida Health Justice" />
<meta property="og:url" content="https://floridahealthjustice.org/publications/declaracion-de-florida-health-justice-project-y-disability-rights-florida-sobre-la-guia-del-cirujano-general-de-florida-contra-las-vacunas-covid-para-los-ninos/" />
<meta property="og:site_name" content="Florida Health Justice" />
<meta property="article:modified_time" content="2025-11-11T01:10:36+00:00" />
<meta name="twitter:card" content="summary_large_image" />
<script type="application/ld+json" class="yoast-schema-graph">{"@context":"https:\/\/schema.org","@graph":[{"@type":"WebPage","@id":"https:\/\/floridahealthjustice.org\/publications\/declaracion-de-florida-health-justice-project-y-disability-rights-florida-sobre-la-guia-del-cirujano-general-de-florida-contra-las-vacunas-covid-para-los-ninos\/","url":"https:\/\/floridahealthjustice.org\/publications\/declaracion-de-florida-health-justice-project-y-disability-rights-florida-sobre-la-guia-del-cirujano-general-de-florida-contra-las-vacunas-covid-para-los-ninos\/","name":"Declaración de Florida Health Justice Project y Disability Rights Florida sobre la Guía del Cirujano General de Florida contra las Vacunas COVID para los Niños - Florida Health Justice","isPartOf":{"@id":"https:\/\/floridahealthjustice.org\/#website"},"datePublished":"2023-03-01T21:04:14+00:00","dateModified":"2025-11-11T01:10:36+00:00","breadcrumb":{"@id":"https:\/\/floridahealthjustice.org\/publications\/declaracion-de-florida-health-justice-project-y-disability-rights-florida-sobre-la-guia-del-cirujano-general-de-florida-contra-las-vacunas-covid-para-los-ninos\/#breadcrumb"},"inLanguage":"es","potentialAction":[{"@type":"ReadAction","target":["https:\/\/floridahealthjustice.org\/publications\/declaracion-de-florida-health-justice-project-y-disability-rights-florida-sobre-la-guia-del-cirujano-general-de-florida-contra-las-vacunas-covid-para-los-ninos\/"]}]},{"@type":"BreadcrumbList","@id":"https:\/\/floridahealthjustice.org\/publications\/declaracion-de-florida-health-justice-project-y-disability-rights-florida-sobre-la-guia-del-cirujano-general-de-florida-contra-las-vacunas-covid-para-los-ninos\/#breadcrumb","itemListElement":[{"@type":"ListItem","position":1,"name":"Home","item":"https:\/\/floridahealthjustice.org\/es\/pagina-principal\/"},{"@type":"ListItem","position":2,"name":"Publications","item":"https:\/\/floridahealthjustice.org\/publications\/"},{"@type":"ListItem","position":3,"name":"Declaración de Florida Health Justice Project y Disability Rights Florida sobre la Guía del Cirujano General de Florida contra las Vacunas COVID para los Niños"}]},{"@type":"WebSite","@id":"https:\/\/floridahealthjustice.org\/#website","url":"https:\/\/floridahealthjustice.org\/","name":"Florida Health Justice","description":"","potentialAction":[{"@type":"SearchAction","target":{"@type":"EntryPoint","urlTemplate":"https:\/\/floridahealthjustice.org\/?s={search_term_string}"},"query-input":{"@type":"PropertyValueSpecification","valueRequired":true,"valueName":"search_term_string"}}],"inLanguage":"es"}]}</script>
<!-- / Yoast SEO plugin. -->

Declaración de Florida Health Justice Project y Disability Rights Florida sobre la Guía del Cirujano General de Florida contra las Vacunas COVID para los Niños - Florida Health Justice
